{"id":35,"date":"2013-09-04T15:20:34","date_gmt":"2013-09-04T15:20:34","guid":{"rendered":"http:\/\/www5.milwaukee.k12.wi.us\/school\/foresthome\/?page_id=35"},"modified":"2025-08-08T12:44:43","modified_gmt":"2025-08-08T12:44:43","slug":"principal-message","status":"publish","type":"page","link":"https:\/\/mps.school\/foresthome\/about\/principal-message\/","title":{"rendered":"Principal&#8217;s Message"},"content":{"rendered":"<p>[et_pb_section fb_built=&#8221;1&#8243; admin_label=&#8221;section&#8221; _builder_version=&#8221;4.16&#8243; global_colors_info=&#8221;{}&#8221;][et_pb_row admin_label=&#8221;row&#8221; _builder_version=&#8221;4.16&#8243; background_size=&#8221;initial&#8221; background_position=&#8221;top_left&#8221; background_repeat=&#8221;repeat&#8221; hover_enabled=&#8221;0&#8243; global_colors_info=&#8221;{}&#8221; sticky_enabled=&#8221;0&#8243;][et_pb_column type=&#8221;4_4&#8243; _builder_version=&#8221;4.16&#8243; custom_padding=&#8221;|||&#8221; global_colors_info=&#8221;{}&#8221; custom_padding__hover=&#8221;|||&#8221;][et_pb_text admin_label=&#8221;Text&#8221; _builder_version=&#8221;4.19.2&#8243; background_size=&#8221;initial&#8221; background_position=&#8221;top_left&#8221; background_repeat=&#8221;repeat&#8221; global_colors_info=&#8221;{}&#8221;]<\/p>\n<p><span style=\"font-weight: 400\">Bienvenidos! Welcome to Forest Home Avenue School! As principal of FHA, I am incredibly proud of our bilingual learning environment, where we value academic excellence, culturally responsive best practices, finding joy and belonging each day, preparing students to become community leaders, and equipping students for life beyond FHA. Located on the near Southside of the city, with city-wide transportation and a before- and after-school camp program, we are a wonderful place for students to grow, learn, and thrive in a safe and welcoming school community.<\/span><\/p>\n<p>\u00a0<span style=\"font-weight: 400\">At FHA, Spanish and English are the languages of instruction.\u00a0 Within our school, this means that our students learn the content area at the same time as they learn and strengthen language skills in both Spanish and English in our bilingual classrooms. We also offer English only or monolingual classrooms from K3 to 5th grade.\u00a0 Students in K3 through fifth\u202fgrade receive high quality instruction in the target language(s) of the classroom to master skills across all subjects.\u00a0<\/span><\/p>\n<p><span style=\"font-weight: 400\">Beyond the classroom, we have been increasing our extracurricular opportunities so that students are challenged to learn other new skills. We provide a variety of athletics and after school clubs such as: Volleyball, Soccer, Basketball, Flag Football, Music, Cheer, Dance, Gardening, and Girl Scouts. Each year, our coaches and club leaders help our students to explore new things while building confidence.<\/span><\/p>\n<p>\u00a0<span style=\"font-weight: 400\">Community Partnerships and Programs are a key part of our success at FHA.\u00a0 We are proud to maintain strong relationships with outside organizations that enhance the overall quality of the FHA student experience.\u00a0 Northwestern Mutual Foundation and SHARP Literacy &#8211; STEaM-based curriculum, Reflo &#8211; Green and Healthy Schoolyards, Sixteenth Street Community Health Centers &#8211; <\/span><span style=\"font-weight: 400\">intensive, on-site mental wellness programs and mental health services, <\/span><span style=\"font-weight: 400\">Feeding America &#8211; monthly food pantry, Fork Farms &#8211; urban gardening, WI Reading Corps and Forward Scholars &#8211; tutoring.<\/span><\/p>\n<p>\u00a0<span style=\"font-weight: 400\">Our parent volunteers and PBIS Team are incredibly active and they sponsor many engagement activities throughout the year, including our Field Days, School Carnival celebration, and other fun events! The SEC works with me to help determine next steps around school improvement plans throughout the school year as well. At FHA, families are provided many opportunities to participate in their child\u2019s education. There are always other volunteering opportunities.<\/span><\/p>\n<p>\u00a0<span style=\"font-weight: 400\">Please reach out to me with any questions, or if you\u2019d like to take a tour for your incoming K3, K4, or K5 student, you can set that up by calling the office at (414) 902-6200.\u00a0 I look forward to hearing from you and sharing all of the amazing opportunities that FHA has to offer.<\/span><\/p>\n<p>Mr. Brad Christensen, Principal<br \/>Ms. Hortencia Morales, Assistant Principal<br \/>Mr. Oscar Silva, Assistant Principal<\/p>\n<p>[\/et_pb_text][\/et_pb_column][\/et_pb_row][\/et_pb_section]<\/p>\n","protected":false},"excerpt":{"rendered":"<p>Bienvenidos! Welcome to Forest Home Avenue School! As principal of FHA, I am incredibly proud of our bilingual learning environment, where we value academic excellence, culturally responsive best practices, finding joy and belonging each day, preparing students to become community leaders, and equipping students for life beyond FHA. Located on the near Southside of the [&hellip;]<\/p>\n","protected":false},"author":3,"featured_media":0,"parent":32,"menu_order":1,"comment_status":"open","ping_status":"closed","template":"","meta":{"_et_pb_use_builder":"on","_et_pb_old_content":"Dear Parents\/Guardians,\r\n\r\nThe health and safety of our students, staff and community is a primary concern of the Milwaukee Public Schools. Once again, our district has been working closely with the Milwaukee Health Department, as well as, reviewing guidance provided by the Center for Disease Control regarding the safest way to continue providing in-person learning to our students. Milwaukee Public Schools is excited and prepared to welcome our students back to in-person learning at the direction of the Milwaukee Board of School Directors.\r\n\r\nIn support of ongoing in-person learning, there are several guidelines that all students and families must adhere to:\r\n\r\n\u00b7 Wear a mask while in the school building, except when outside, participating in gym class, and eating or drinking when the community level in Milwaukee County is rated in the High category as determined by the Centers for Disease Control and Prevention (CDC). (Updated weekly on Thursdays)\r\n\r\n\u00b7 Practice physical distancing and frequent handwashing to mitigate the spread of COVID-19\r\n\r\n\u00b7 Remain at home if he\/she is sick and is displaying symptoms\r\n\r\n\u00b7 Schools will continue to enforce the visitor by appointment policy.\r\n\r\n*Please note the bulleted expectations listed above are subject to change based on the changes from MHD, CDC, & MPS Board of Directors.\r\n\r\nOn behalf of the Staff from Forest Home Avenue School, we welcome you to the 2022-2023 school year. Our school is known for having strong systems of support for all students along with our high standards of academic and behavior expectations for our students. As always, the administration and staff stand ready to work with you to achieve these expectations.\r\n\r\nIn order to ensure academic success, students are expected to attend school every day. The first day of class is Tuesday, September 6, 2022. Our school day begins promptly at 7:25 am and ends at 2:10 pm.\r\n\r\nIf you have recently moved and\/or changed your phone number or have decided to enroll your child in another school, please call 902-6200. We must maintain accurate demographic information and if necessary, send school records to the new school. And as always, if there are any changes (address or phone number) during the school year please inform us immediately.\r\n\r\nThe first day of classes all students are expected to:\r\n\r\n(1) Arrive on time with excitement\r\n\r\n(2) Have essential school supplies\r\n\r\n(3) A positive attitude towards school and learning\r\n\r\nMilwaukee Public Schools and Forest Home Avenue School are prepared to welcome your child back to a safe, clean and friendly learning environment. If this is your son\/daughter\u2019s first time in school, please feel free to contact our school to arrange a date and time we can discuss any questions or concerns you may have. The entire Forest Home Avenue School staff are looking forward to working with you and your child this school year.\r\n\r\nPlease come and meet your child\u2019s teacher and the outstanding FHA Staff at our Open House on September 1st 2022 from 3:30 pm to 5:30 pm.\r\n\r\nWe look forward to working with all of our students and families this year.\r\n\r\nSincerely,\r\n\r\nBrad Christensen, Principal\r\n\r\nHortencia Morales, Assistant Principal\r\n\r\nOscar Silva, Assistant Principal\r\n\r\n\u00a0\r\n\r\nEstimados Padres\/Tutores,\r\n\r\nLa salud y la seguridad de nuestros estudiantes, personal y comunidad es una preocupaci\u00f3n primordial de las Escuelas P\u00fablicas de Milwaukee. Una vez m\u00e1s, nuestro distrito ha estado trabajando estrechamente con el Departamento de Salud de Milwaukee, as\u00ed como revisando la orientaci\u00f3n proporcionada por el Centro para el Control de Enfermedades con respecto a la forma m\u00e1s segura de continuar brindando aprendizaje en persona a nuestros estudiantes. Las Escuelas P\u00fablicas de Milwaukee est\u00e1n emocionadas y preparadas para dar la bienvenida a nuestros estudiantes al aprendizaje en persona bajo la direcci\u00f3n de la Junta de Directores Escolares de Milwaukee.\r\n\r\nEn apoyo del aprendizaje continuo en persona, hay varias pautas que todos los estudiantes y familias deben cumplir:\r\n<ul>\r\n \t<li>Use una m\u00e1scara mientras est\u00e9 en el edificio de la escuela, excepto cuando est\u00e9 afuera, participando en clases de gimnasia y comiendo o bebiendo cuando el nivel comunitario en el condado de Milwaukee est\u00e9 clasificado en la categor\u00eda Alta seg\u00fan lo determinado por los Centros para el Control y la Prevenci\u00f3n de Enfermedades (CDC). (Actualizado semanalmente los jueves)<\/li>\r\n \t<li>Practique el distanciamiento f\u00edsico y el lavado frecuente de manos para mitigar la propagaci\u00f3n de COVID-19<\/li>\r\n \t<li>Permanezca en casa si est\u00e1 enfermo y muestra s\u00edntomas<\/li>\r\n \t<li>Las escuelas continuar\u00e1n haciendo cumplir la pol\u00edtica de visitantes por cita previa.<\/li>\r\n<\/ul>\r\n*Tenga en cuenta que las expectativas con vi\u00f1etas enumeradas anteriormente est\u00e1n sujetas a cambios en funci\u00f3n de los cambios de la Junta Directiva de MHD, CDC y MPS.\r\n\r\nEn nombre del personal de Forest Home Avenue Escuela, le damos la bienvenida al a\u00f1o escolar 2022-2023. Nuestra escuela es conocida por tener fuertes sistemas de apoyo para todos los estudiantes junto con nuestros altos est\u00e1ndares de expectativas acad\u00e9micas y de comportamiento para nuestros estudiantes. Como siempre, la administraci\u00f3n y el personal est\u00e1n listos para trabajar con usted para lograr estas expectativas.\r\n\r\nPara garantizar el \u00e9xito acad\u00e9mico, se espera que los estudiantes asistan a la escuela todos los d\u00edas. El primer d\u00eda de clase es el martes 6 de septiembre de 2022. Nuestro d\u00eda escolar comienza puntualmente a las 7:25 am y termina a las 2:10 pm.\r\n\r\nSi recientemente se mud\u00f3 y \/ o cambi\u00f3 su n\u00famero de tel\u00e9fono o ha decidido inscribir a su hijo en otra escuela, llame al 902-6200. Debemos mantener informaci\u00f3n demogr\u00e1fica precisa y, si es necesario, enviar registros escolares a la nueva escuela. Y como siempre, si hay alg\u00fan cambio (direcci\u00f3n o n\u00famero de tel\u00e9fono) durante el a\u00f1o escolar por favor inf\u00f3rmenos de inmediato.\r\n\r\nEl primer d\u00eda de clases se espera que todos los estudiantes:\r\n\r\n(1) Llegue a tiempo con emoci\u00f3n\r\n\r\n(2) Tener \u00fatiles escolares esenciales\r\n\r\n(3) Una actitud positiva hacia la escuela y el aprendizaje\r\n\r\nLas Escuelas P\u00fablicas de Milwaukee y Forest Home Avenue Escuela est\u00e1n preparadas para dar la bienvenida a su hijo a un ambiente de aprendizaje seguro, limpio y amigable. Si esta es la primera vez que su hijo \/ hija est\u00e1 en la escuela, no dude en ponerse en contacto con nuestra escuela para concertar una fecha y hora en la que podamos discutir cualquier pregunta o inquietud que pueda tener. Todo el personal de Forest Home Avenue Escuela espera trabajar con usted y su hijo este a\u00f1o escolar.\r\n\r\nVenga a conocer al maestro de su hijo y al destacado personal de la FHA en nuestra Casa Abierta el 1 de septiembre de 2022 de 3:30 pm a 5:30 pm.\r\n\r\nEsperamos trabajar con todos nuestros estudiantes y familias este a\u00f1o.\r\n\r\nSinceramente\r\n\r\nBrad Christensen, director\r\n\r\nHortencia Morales, subdirector\r\n\r\nOscar Silva, subdirector","_et_gb_content_width":"","_mc_calendar":[],"footnotes":""},"class_list":["post-35","page","type-page","status-publish","hentry"],"_links":{"self":[{"href":"https:\/\/mps.school\/foresthome\/wp-json\/wp\/v2\/pages\/35","targetHints":{"allow":["GET"]}}],"collection":[{"href":"https:\/\/mps.school\/foresthome\/wp-json\/wp\/v2\/pages"}],"about":[{"href":"https:\/\/mps.school\/foresthome\/wp-json\/wp\/v2\/types\/page"}],"author":[{"embeddable":true,"href":"https:\/\/mps.school\/foresthome\/wp-json\/wp\/v2\/users\/3"}],"replies":[{"embeddable":true,"href":"https:\/\/mps.school\/foresthome\/wp-json\/wp\/v2\/comments?post=35"}],"version-history":[{"count":0,"href":"https:\/\/mps.school\/foresthome\/wp-json\/wp\/v2\/pages\/35\/revisions"}],"up":[{"embeddable":true,"href":"https:\/\/mps.school\/foresthome\/wp-json\/wp\/v2\/pages\/32"}],"wp:attachment":[{"href":"https:\/\/mps.school\/foresthome\/wp-json\/wp\/v2\/media?parent=35"}],"curies":[{"name":"wp","href":"https:\/\/api.w.org\/{rel}","templated":true}]}}