{"id":307,"date":"2012-06-11T16:26:27","date_gmt":"2012-06-11T16:26:27","guid":{"rendered":"http:\/\/www5.milwaukee.k12.wi.us\/school\/mgis\/?page_id=307"},"modified":"2026-02-19T16:17:23","modified_gmt":"2026-02-19T16:17:23","slug":"principals-message","status":"publish","type":"page","link":"https:\/\/mps.school\/mgis\/about\/principals-message\/","title":{"rendered":"Principal&#8217;s Message"},"content":{"rendered":"<p>[et_pb_section fb_built=&#8221;1&#8243; admin_label=&#8221;section&#8221; _builder_version=&#8221;4.16&#8243; global_colors_info=&#8221;{}&#8221; theme_builder_area=&#8221;post_content&#8221;][et_pb_row admin_label=&#8221;row&#8221; _builder_version=&#8221;4.16&#8243; background_size=&#8221;initial&#8221; background_position=&#8221;top_left&#8221; background_repeat=&#8221;repeat&#8221; global_colors_info=&#8221;{}&#8221; theme_builder_area=&#8221;post_content&#8221;][et_pb_column type=&#8221;4_4&#8243; _builder_version=&#8221;4.16&#8243; custom_padding=&#8221;|||&#8221; global_colors_info=&#8221;{}&#8221; custom_padding__hover=&#8221;|||&#8221; theme_builder_area=&#8221;post_content&#8221;][et_pb_text admin_label=&#8221;Text&#8221; _builder_version=&#8221;4.27.4&#8243; background_size=&#8221;initial&#8221; background_position=&#8221;top_left&#8221; background_repeat=&#8221;repeat&#8221; hover_enabled=&#8221;0&#8243; global_colors_info=&#8221;{}&#8221; theme_builder_area=&#8221;post_content&#8221; sticky_enabled=&#8221;0&#8243;]<img loading=\"lazy\" decoding=\"async\" class=\"wp-image-235423 alignright size-medium\" style=\"border-radius: 500px 500px 500px 500px; overflow: hidden;\" src=\"https:\/\/mpsschoolsites.wpenginepowered.com\/mgis\/wp-content\/uploads\/sites\/56\/2025\/06\/Thor-Templin-sq-300x300.jpg\" alt=\"Thor Templin\" width=\"300\" height=\"300\" \/>Welcome to Milwaukee German Immersion School.\u202f We are very happy that you have come to browse our website. Please take the time to learn all about our school and program.<\/p>\n<p>Not only do I serve as the school\u2019s principal, but I am an alumnus of our program, a parent of children who went through the program, and a former classroom teacher in our program.<\/p>\n<p>Immersion learning gives children the gift of a second language, and MGIS is the oldest immersion program in Wisconsin and among the oldest German immersion programs in the world. Our storied history of continuous excellence in education and readying students to be world citizens is complemented by our stellar PTA in creating an outstanding school community that bridges families all across the metro Milwaukee area.<\/p>\n<p>We hope that you will enjoy learning about our award-winning school, and we are available to answer any questions that you may have.<\/p>\n<p>Herr Dr. Thor Templin<br \/>\nMA, MA, MDR, JD, MS, DD<br \/>\nPrincipal<br \/>\nMilwaukee German Immersion School<br \/>\n<a href=\"mailto:templith@milwaukee.k12.wi.us\">templith@milwaukee.k12.wi.us<\/a><\/p>\n<p>&nbsp;<\/p>\n<p><em>Willkommen an der Milwaukee German Immersion School. Wir freuen uns sehr, dass Sie unsere Website besuchen. Nehmen Sie sich die Zeit, alles \u00fcber unsere Schule und unser Programm zu erfahren. Ich bin nicht nur der Schulleiter, sondern auch ein ehemaliger Sch\u00fcler unseres Programms und ehemaliger Klassenlehrer von der German Immersion School. Dar\u00fcber hinaus sind auch meine Kinder auf diese Schule gegangen. Immersionslernen schenkt Kindern eine zweite Sprache. MGIS ist das \u00e4lteste Immersionsprogramm in Wisconsin und geh\u00f6rt zu den \u00e4ltesten Deutsch-Immersionsprogrammen der Welt. Diese langj\u00e4hrige Erfahrung erm\u00f6glicht es uns, unsere Sch\u00fcler, die aus dem gesamten Gro\u00dfraum Milwaukees zu uns kommen, auf st\u00e4ndig hohem Niveau zu Weltb\u00fcrgern zu machen. Unterst\u00fctzt werden wir dabei von unserem hervorragenden Elternbeirat (PTA).<\/em><\/p>\n<p><em>Wir hoffen, dass Ihnen das Kennenlernen unserer preisgekr\u00f6nten Schule gef\u00e4llt, und wir stehen Ihnen f\u00fcr alle Ihre Fragen gerne zur Verf\u00fcgung.<\/em><\/p>\n<p><em>Herr Dr. Thor Templin<\/em><br \/>\n<em>MA, MA, MDR, JD, MS, DD<\/em><br \/>\n<em>Principal<\/em><br \/>\n<em>Milwaukee German Immersion School<br \/>\n<a href=\"mailto:templith@milwaukee.k12.wi.us\">templith@milwaukee.k12.wi.us<\/a><br \/>\n<\/em>[\/et_pb_text][\/et_pb_column][\/et_pb_row][\/et_pb_section]<\/p>\n","protected":false},"excerpt":{"rendered":"<p>Welcome to Milwaukee German Immersion School.\u202f We are very happy that you have come to browse our website. Please take the time to learn all about our school and program. Not only do I serve as the school\u2019s principal, but I am an alumnus of our program, a parent of children who went through the [&hellip;]<\/p>\n","protected":false},"author":3,"featured_media":0,"parent":97,"menu_order":1,"comment_status":"closed","ping_status":"closed","template":"","meta":{"_et_pb_use_builder":"on","_et_pb_old_content":"<p style=\"text-align: left\"><img class=\"alignright size-medium wp-image-7756\" src=\"https:\/\/mpsschoolsites.wpenginepowered.com\/mgis\/wp-content\/uploads\/sites\/56\/2025\/01\/Thor-Templin-250x300.jpg\" alt=\"Thor Templin\" width=\"250\" height=\"300\" \/>Welcome to Milwaukee German Immersion School.\u00a0 We are very happy that you have come to browse our website. Please take the time to learn all about our school and program.\u00a0 I have truly learned to appreciate our energetic and inquisitive students, outstanding staff, and very involved parents.\u00a0 The immersion program challenges our students and provides them the foundation to becoming true citizens of the world.\u00a0 We hope that you will enjoy learning about our award winning school.\u00a0 If you have questions, please contact me at: 414-393-5600<\/p>\r\n<p style=\"text-align: left\">Herr Templin, \u00a0MGIS Principal<\/p>\r\n<p style=\"text-align: left\"><em>Willkommen an der Milwaukee German Immersion School.\u00a0 Ich freue mich sehr, dass Sie sich unsere Webseite anschauen. Bitte nehmen Sie sich Zeit, um alles \u00fcber unser Schulprogramm zu erfahren.\u00a0 Es macht Spass, mit so interessierten Sch\u00fclern, hoch motivierten Lehrkr\u00e4ften, und sehr engagierten Eltern zu arbeiten.\u00a0 Das Immersion-Programm f\u00f6rdert das Wissen unserer Sch\u00fcler und gibt Ihnen die Grundlage, wahre Weltb\u00fcrger zu werden.\u00a0 Ich hoffe, dass Sie von den Informationen \u00fcber unsere ausgezeichneten Schule beeindruckt sind.\u00a0 Falls Sie Fragen haben, setzen Sie sich bitte mit mir in Verbindung.\u00a0 <\/em><em>414-393-5600<\/em><\/p>\r\n<p style=\"text-align: left\">Herr Templin, \u00a0MGIS Principal<\/p>","_et_gb_content_width":"","_mc_calendar":[],"footnotes":""},"class_list":["post-307","page","type-page","status-publish","hentry"],"_links":{"self":[{"href":"https:\/\/mps.school\/mgis\/wp-json\/wp\/v2\/pages\/307","targetHints":{"allow":["GET"]}}],"collection":[{"href":"https:\/\/mps.school\/mgis\/wp-json\/wp\/v2\/pages"}],"about":[{"href":"https:\/\/mps.school\/mgis\/wp-json\/wp\/v2\/types\/page"}],"author":[{"embeddable":true,"href":"https:\/\/mps.school\/mgis\/wp-json\/wp\/v2\/users\/3"}],"replies":[{"embeddable":true,"href":"https:\/\/mps.school\/mgis\/wp-json\/wp\/v2\/comments?post=307"}],"version-history":[{"count":0,"href":"https:\/\/mps.school\/mgis\/wp-json\/wp\/v2\/pages\/307\/revisions"}],"up":[{"embeddable":true,"href":"https:\/\/mps.school\/mgis\/wp-json\/wp\/v2\/pages\/97"}],"wp:attachment":[{"href":"https:\/\/mps.school\/mgis\/wp-json\/wp\/v2\/media?parent=307"}],"curies":[{"name":"wp","href":"https:\/\/api.w.org\/{rel}","templated":true}]}}